e a(-2).
-2
Let b(g) = 2*g**2 + 68*g - 44. Calculate b(-34).
-44
Let h(t) = t**2 - 7*t + 5. Give h(4).
-7
Let o(d) = -5*d + 17. Calculate o(7).
-18
Let m(u) = u**2 - 32*u - 377. Give m(-9).
-8
Let k(b) = -2*b + 13. What is k(6)?
1
Let c(h) = 13*h**3 - 5*h**2 - 5*h + 2. What is c(-2)?
-112
Let t(u) = 6*u + 8. Determine t(-4).
-16
Let m(o) = o**2 - 3*o - 8. What is m(-4)?
20
Let r(p) = 6*p + 46. Give r(-8).
-2
Let d(f) = 2*f**2 + 72*f + 60. What is d(-35)?
-10
Let b(g) = g**2 - 51*g + 303. Calculate b(7).
-5
Let p(m) = 5*m**2 + 4*m - 5. What is p(-4)?
59
Let g(d) = -29*d + 116. Calculate g(4).
0
Let g(m) = -2*m**3 - 2*m**2 - 4*m - 8. Determine g(-2).
8
Let f(m) = -2*m**3 + 3*m**2 - 4*m + 3. Determine f(2).
-9
Let j(a) = a**2 + 8*a + 2. Determine j(-8).
2
Let j(g) = -g**2 + 8*g + 34. Calculate j(12).
-14
Let g(j) = j**3 - 7*j**2 - 18*j - 7. What is g(9)?
-7
Let l(b) = 2*b + 4. Calculate l(3).
10
Let c(k) = 6*k + 4. Calculate c(12).
76
Let q(a) = -10*a + 83. Calculate q(10).
-17
Let l(j) = -j**2 - 11*j + 4. Determine l(-10).
14
Let o(h) = -h**2 - 12*h + 15. Determine o(-13).
2
Let x(m) = m**2 - 8*m + 5. Determine x(5).
-10
Let s(p) = p**2 - 4*p + 15. What is s(6)?
27
Let w(z) = z**3 - 3*z**2 + 2*z + 4. Determine w(3).
10
Let u(h) = 3*h + 50. What is u(0)?
50
Let n(d) = 2*d - 11. What is n(9)?
7
Let y(z) = z**3 - 8*z**2 + 7*z. Determine y(6).
-30
Let x(o) = -o**3 + 16*o**2 - 14*o. Give x(15).
15
Let a(t) = t**3 - 12*t**2 - 16*t + 31. Calculate a(13).
-8
Let a(f) = f**3 - 3*f**2 - 4*f + 3. Give a(4).
3
Let n(s) = -s**3 - 4*s**2 + 2*s + 6. Give n(-5).
21
Let v(x) = x**2 - x - 35. What is v(12)?
97
Let s(f) = -3*f + 12. Calculate s(6).
-6
Let l(s) = -8*s**3 + 22*s**2 + 2*s + 2. Calculate l(3).
-10
Let l(o) = o**3 + 9*o**2 + 20*o - 6. Determine l(-6).
-18
Let q(s) = s**2 - 2*s - 4. Give q(4).
4
Let x(d) = -d**3 - 3*d**2 + 10*d - 2. What is x(-5)?
-2
Let j(m) = m**3 + 4*m**2 + 4*m + 2. Give j(-3).
-1
Let m(c) = -4*c + 7. Give m(-4).
23
Let n(o) = o**3 - 2*o**2 - 17*o + 21. Determine n(6).
63
Let g(a) = a**3 - 6*a**2 + a - 5. What is g(7)?
51
Let i(g) = g**2 + 11*g + 34. Give i(-8).
10
Let v(c) = c**3 - 17*c**2 + 17*c - 12. Give v(16).
4
Let j(k) = -k**2 + 9*k - 8. Calculate j(4).
12
Let d(j) = -4*j**2 - 3*j + 3. Calculate d(-3).
-24
Let d(r) = -r**2 - 7*r + 6. What is d(-11)?
-38
Let c(z) = -2*z**3 + 17*z**2 - 9*z - 14. Determine c(8).
-22
Let r(b) = -14*b + 15. Calculate r(0).
15
Let b(m) = m**3 - 12*m**2 + 8*m - 281. Determine b(13).
-8
Let k(w) = -2*w + 2. What is k(-1)?
4
Let k(y) = 2*y**2 + 19*y + 15. Determine k(-8).
-9
Let b(d) = -2*d**3 + 19*d**2 - 8*d + 12. What is b(9)?
21
Let o(g) = 5*g - 23. Give o(7).
12
Let j(t) = -14*t + 165. Give j(12).
-3
Let c(y) = y**3 - 7*y**2 + 16*y - 4. Determine c(6).
56
Let s(y) = 2*y + 1. Calculate s(1).
3
Let d(u) = 2*u**3 - 13*u**2 + 6*u - 27. Determine d(6).
-27
Let k(h) = h**2 - 43*h + 129. What is k(40)?
9
Let v(b) = b**3 + 2*b**2 + 6. Give v(-4).
-26
Let a(f) = -2*f + 2. Give a(-2).
6
Let v(s) = s**2 - 5*s. What is v(7)?
14
Let g(b) = -b**3 + 3*b**2 + 17*b - 35. Determine g(5).
0
Let r(x) = 29*x + 66. What is r(4)?
182
Let n(p) = p**3 + 22*p**2 + 60*p + 56. What is n(-19)?
-1
Let h(c) = -25*c + 50. What is h(2)?
0
Let r(m) = 3*m + 32. Give r(-13).
-7
Let r(s) = -5*s + 10. Determine r(10).
-40
Let g(y) = -y**2 - 11*y - 13. Give g(-10).
-3
Let n(s) = -s**2 + 12*s + 26. Determine n(11).
37
Let f(b) = b**3 - 29*b**2 - 31*b - 32. Calculate f(30).
-62
Let q(r) = -3*r**2 + 4*r + 10. Calculate q(5).
-45
Let g(r) = r**2 - 11*r - 15. Give g(12).
-3
Let w(a) = -4*a + 33. Determine w(9).
-3
Let k(r) = -3*r + 7. Calculate k(2).
1
Let k(s) = s**2 - 14*s - 4. Calculate k(14).
-4
Let o(h) = -2*h - 1. Calculate o(6).
-13
Let q(n) = -3*n + 69. What is q(25)?
-6
Let s(c) = 3*c**3 - 4*c**2 - 4*c - 3. Give s(-2).
-35
Let b(j) = j**2 - j - 1. Determine b(-2).
5
Let j(v) = -v + 1. Give j(7).
-6
Let s(o) = 19*o - 19. Calculate s(-7).
-152
Let i(w) = w**2 - w + 4. Calculate i(5).
24
Let x(n) = 15*n**2 + 4*n - 2. Calculate x(3).
145
Let s(h) = -6*h**3 + h**2 + h. Give s(-1).
6
Let x(s) = s - 2. Give x(-7).
-9
Let u(i) = i**2 + 12*i + 26. What is u(-11)?
15
Let l(v) = -v**3 + 21*v**2 - 5*v + 119. Calculate l(21).
14
Let m(i) = -i**2 + 11*i - 9. Give m(9).
9
Let p(k) = 26*k**2 - k. Determine p(-1).
27
Let z(p) = p**2 + 9*p. Give z(-7).
-14
Let d(x) = -7*x**2 - 9*x - 15. Determine d(-2).
-25
Let o(t) = t**3 + 2*t**2 - 25*t + 4. Give o(4).
0
Let h(u) = u**2 + 21. Determine h(-8).
85
Let q(c) = c**3 - 6*c**2 - 19*c + 21. Calculate q(8).
-3
Let r(v) = -71*v - 67. Calculate r(-1).
4
Let p(s) = 3*s**3 + s**2 - s + 10. What is p(-3)?
-59
Let a(d) = d**3 - 6*d**2 - d + 8. Determine a(6).
2
Let m(z) = 12*z + 2. Calculate m(2).
26
Let x(a) = a**3 - 2*a**2 - 2*a - 18. Give x(4).
6
Let g(a) = a**2 - 6*a. Determine g(6).
0
Let m(q) = 149*q**2 + q + 2. What is m(-1)?
150
Let r(k) = -k**3 + 10*k**2 - 25*k + 1. Give r(6).
-5
Let y(z) = z**2 + z + 2. Determine y(-8).
58
Let r(f) = -f**2 + 14*f - 38. What is r(8)?
10
Let w(q) = -2*q - 6. Calculate w(-4).
2
Let s(g) = -g**2 - 16*g - 43. Determine s(-10).
17
Let m(f) = f**2 + 13*f + 10. Give m(-12).
-2
Let t(v) = v**2 - 8*v - 13. Calculate t(11).
20
Let d(l) = -2*l**2 + 8*l + 4. What is d(5)?
-6
Let b(q) = -q**2 + 4*q - 4. Calculate b(6).
-16
Let j(f) = -f**3 + 3*f**2 + 4*f - 5. Calculate j(2).
7
Let g(i) = -i**3 + 7*i**2 + 12*i + 29. Determine g(9).
-25
Let x(c) = -20*c + 2. Give x(1).
-18
Let i(q) = q**2 + 40*q - 694. Determine i(-53).
-5
Let f(x) = -x + 11. What is f(0)?
11
Let q(o) = -13*o**3 - o**2 - o - 1. Give q(-1).
12
Let t(w) = -2*w**3 + 3*w**2 - 4*w + 1. Give t(2).
-11
Let b(y) = -y**3 + 4*y**2 - 5*y + 7. What is b(3)?
1
Let c(j) = -5*j**2 + 3*j + 4. What is c(-2)?
-22
Let p(y) = -y**2 - 3*y + 13. Calculate p(-6).
-5
Let c(p) = -4*p - 95. Determine c(-23).
-3
Let o(i) = i**3 + 4*i**2 - 9*i - 12. Calculate o(-7).
-96
Let y(i) = -i**2 + 10*i + 1. Give y(10).
1
Let l(q) = 19*q - 93. Determine l(5).
2
Let u(x) = -x**2 - 3*x + 6. What is u(-3)?
6
Let x(k) = -2*k**2 - 17*k + 9. Determine x(-9).
0
Let s(m) = -9*m + 56. Determine s(7).
-7
Let u(d) = -3*d**2 - 10*d + 28. Determine u(4).
-60
Let n(y) = -54*y**2 - 1. What is n(-1)?
-55
Let w(q) = -q**2 + 3. Determine w(-7).
-46
Let w(l) = -l**3 + 4*l**2 - 2*l + 2. What is w(4)?
-6
Let i(m) = 3*m**2 + 2*m - 2. Give i(-2).
6
Let t(n) = n**3 - 3*n**2 - 9*n + 3. Determine t(-4).
-73
Let f(i) = 17*i - 90. Give f(5).
-5
Let a(m) = -14*m + 30. Give a(3).
-12
Let p(k) = 5*k - 1. Determine p(2).
9
Let y(o) = -o**2 - 12*o - 43. Calculate y(-8).
-11
Let n(w) = w**3 + 5*w**2 - 5*w + 4. What is n(-6)?
-2
Let b(k) = -k**3 + 4*k**2 + 7*k + 5. What is b(6)?
-25
Let f(w) = w**3 - 5*w**2 + 2*w - 6. Calculate f(5).
4
Let d(a) = a**3 + 2*a**2 - 4*a. Calculate d(-3).
3
Let u(d) = d - 23. What is u(17)?
-6
Let c(n) = -10*n - 2. Give c(-4).
38
Let z(r) = r**2 + 13*r + 9. Give z(-12).
-3
Let s(t) = t**3 - t**2 + t + 7. Calculate s(3).
28
Let n(v) = v**2 + v - 4. Give n(-3).
2
Let j(r) = r**2 + 13*r + 9. Calculate j(-11).
-13
Let k(a) = -2*a**2 - 20*a + 37. What is k(-11)?
15
Let t(n) = n**2 + 14*n - 11. Calculate t(-15).
4
Let n(f) = -11*f - 4. What is n(-4)?
40
Let x(f) = 7*f**3 + f**2 - 2*f + 2. Give x(1).
8
Let l(q) = -q**2 - q + 1. What is l(5)?
-29
Let j(k) = 7*k - 8. Give j(4).
20
Let u(z) = -21*z - 37. Determine u(-4).
47
Let f(m) = -m**2 - 11*m - 32. Give f(-5).
-2
Let b(p) = -2*p + 18. What is b(15)?
-12
Let h(t) = -t**2 + 10*t + 116. What is h(-8)?
-28
Let c(m) = -m**3 + 9*m**2 + 5*m - 6. Determine c(9).
39
Let c(j) = 4*j**2 - 4*j. Determine c(3).
24
Let a(j) = -j**2 + 7*j + 6. Calculate a(9).
-12
Let v(y) = y**3 + 9*y**2 + 19*y. What is v(-6)?
-6
Let q(r) = 3*r. Calculate q(-2).
-6
Let j(m) = -m**3 + 7*m**2 - 3*m + 5. Give j(6).
23
Let g(x) = -x - 32. Give g(-32).
0
Let d(s) = -5*s - 7. What is d(-3)?
8
Let h(i) = -16*i - 19. Calculate h(-2).
13
Let m(y) = 3*y + 12. What is m(-3)?
3
Let a(x) = -x**2 - 12*x - 14. Calculate a(-10).
6
Let m(d) = 56*d + 13. Determine m(-1).
-43
Let n(q) = 13*q**2 - 169*q + 1. Determine n(13).
1
Let n(f) = f**3 - f**2 + 19. What is n(0)?
19
Let x(i) = -13*i - 60. Calculate x(-13).
109
Let o(i) = i**3 - 9*i**2 - 11*i + 10. What is o(